/6*j/(-9)?
1
Let p be 2*4 - (-20)/(-10). What is the tens digit of (-198)/(-4) + (-9)/p?
4
Let g = 5 - 10. Let p = 9 + g. Suppose -c + 2*n = 6, -p*c + 0*c + 12 = n. What is the units digit of c?
2
Let h = -1 - -1. Suppose 4*n = -3*m + 21, n + m - 4 = -h*n. What is the units digit of n?
9
Suppose 55 = t + 4*s, 0 = -7*t + 2*t - 4*s + 195. Suppose r - t = -5*p, 5*r + 5*p - 38 - 57 = 0. What is the tens digit of r?
1
Suppose 0*u - 3*u + 79 = 4*j, 0 = 3*u - 4*j - 95. What is the tens digit of u?
2
What is the tens digit of 212 - ((-20)/(-70))/(2/14)?
1
Let y(h) be the first derivative of -h**3/3 + 7*h**2 - 7*h + 5. What is the units digit of y(12)?
7
Suppose 52 = 5*g + 2*p, g + 2*p - p - 8 = 0. What is the tens digit of g?
1
Let y be 32/14 + 4/(-14). Let r be 1/(-2) + 7/y. Suppose -4*u = 2*l - 32, 8*l = -u + r*l + 8. What is the units digit of u?
8
Let k(o) = -2 + 2*o**3 - 5*o**2 - 3*o**3 - 4*o + 5*o. Let t be k(-6). Suppose 0*l = -4*l + t. What is the units digit of l?
7
Let d(o) = 2*o**2 + 2. What is the tens digit of d(-2)?
1
Let t = 0 + -4. Let b be -3 + 1 + t + 2. What is the units digit of 3/2 + (-2)/b?
2
Let r(t) = -3*t**3 + 7*t**2 - t - 2. Let w(i) = 2*i**3 - 6*i**2 + i + 1. Let q(m) = -3*r(m) - 4*w(m). What is the units digit of q(-3)?
5
Let n(x) = -x + 5. Let g be n(4). What is the units digit of (10/(-4))/g*-2?
5
Let p(d) = -6*d + 2. What is the tens digit of p(-4)?
2
Suppose o + 0*o - 2 = 0. What is the units digit of 10/5*(o - -9)?
2
Suppose -b + 12 - 3 = -3*j, -j - 15 = -b. What is the tens digit of b?
1
Let f = -1 + -3. Let o be ((-2)/(-4))/(f/8). What is the units digit of (0 + 3*-1)/o?
3
Let v(s) = -4*s - 7. Let j = -13 + 7. What is the tens digit of v(j)?
1
Let h be 4/(-6) - 78/(-9). Suppose -2*q = 2 - h. Suppose 2*y = -4*l + 12, q*y + l = 6*l + 29. What is the units digit of y?
8
Let i(h) = -h + 11. Let a be i(8). What is the tens digit of (-1 + -44)*a/(-9)?
1
Let p(c) be the third derivative of -c**6/60 - c**5/30 - c**4/12 - c**3/2 + 3*c**2. What is the units digit of p(-2)?
9
Let a = 21 - 13. What is the units digit of a?
8
Suppose -5*q + q = 0. Suppose -p + 6 = -q*p. Suppose i = -3 + p. What is the units digit of i?
3
Let b be (4/6)/(9/27). What is the units digit of 24/(-10)*(-5)/b?
6
Suppose -2*k - 5*a - 9 = -38, -3*k = a - 24. Suppose 0 = -5*v - 3*q + 144, v = -3*q + k*q + 15. What is the tens digit of v?
2
Let j(k) = k**3 + k + 2. Suppose -5*z + 3*y + 9 = 0, -5*y + 9 = 24. Let m be j(z). Suppose 15 = u + d, 3*u - m*d + 6 = 31. What is the units digit of u?
1
Let o(j) = -j**2 + 8*j + 13. Let p(x) = x**2 - 9*x - 12. Let g(n) = -3*o(n) - 4*p(n). What is the units digit of g(10)?
9
Let g(j) be the third derivative of j**5/60 + 7*j**4/24 + 2*j**3/3 + 7*j**2. What is the tens digit of g(-9)?
2
Let g(h) = h + 55. What is the tens digit of g(-14)?
4
Suppose -2088 = 4*u - 7*u. What is the tens digit of 2/14 - u/(-28)?
2
Let o = -175 + -4. Let q = -112 - o. Let k = q + -48. What is the tens digit of k?
1
Let z = 15 + -11. Suppose z*k + 8 = 0, -w + 5*w - 2*k = 128. What is the tens digit of w?
3
Let u(j) = -j**3 - 8*j**2 - 9*j - 4. Suppose -2*n + 5 = -3. Suppose -n*m - 24 = 2*y, -4*m + 14 - 36 = 3*y. What is the units digit of u(m)?
0
Suppose 4*i - 30 = 142. What is the units digit of i?
3
Let q = 5 - 9. Let u(o) = -4*o - 3. What is the units digit of u(q)?
3
Let i(g) = g**3 + 2*g**2 - 3*g + 3. Let t be i(-3). Suppose 5*z + 4 = -41. What is the units digit of t/6 + z/(-2)?
5
What is the tens digit of ((-2109)/(-185))/((-6)/(-20))?
3
Let q be ((-6)/(-24))/((-2)/(-24)). Let a = q - -17. What is the tens digit of a?
2
Let v(r) = -r**3 + 6*r**2 - 6*r + 7. Let u be v(5). Suppose u*h = 3*h. Suppose -a = -h*a - 8. What is the units digit of a?
8
Let z(f) = -f**2 - 17*f - 2. What is the tens digit of z(-13)?
5
Let i(l) = -4*l - 7. Let d(k) = -9*k - 15. Let x(a) = -2*d(a) + 5*i(a). What is the units digit of x(-8)?
1
Suppose -51 - 39 = -5*s. What is the tens digit of s?
1
Suppose -5*u - 43 = -163. Let f = 42 - u. What is the units digit of f?
8
Let u be ((-54)/(-8))/(2/8). Let m = u - 13. What is the tens digit of m?
1
Let n be (9/(-6) - -2)*-2. What is the tens digit of 2 + n + -3 + 12?
1
Suppose -2 = b + 33. What is the units digit of ((-48)/14)/(5/b)?
4
Suppose -6*r + 9 + 9 = 0. What is the units digit of r?
3
Suppose -171 = -z + 21. What is the hundreds digit of z?
1
Let j(i) = -i + 8. Let f be j(10). Let p be ((-6)/(-5))/(f/(-10)). Suppose 0 = 4*m - p - 18. What is the units digit of m?
6
Suppose i - 3*p = 4, i = 5*i - 4*p - 16. Suppose 0 = 5*b - i*s, -2*b = -b + 5*s. What is the units digit of 5 + 1*(b - 3)?
2
Let r(z) = 2*z + 12. What is the tens digit of r(7)?
2
Let f(w) = w**2 - 6*w - 4. Suppose 0 = -p + 4*p - 24. Let h be f(p). Suppose 4*i + h = 0, -2*x - 5*i + 21 = x. What is the tens digit of x?
1
Let s = -10 - -83. Let m = -44 + s. Let o = m + -20. What is the units digit of o?
9
Let i = 11 - -5. Let v = i - 11. Suppose -v*t = -t - 44. What is the tens digit of t?
1
Let a(h) = h**3 - 4*h**2 - 4*h - 4. Suppose -4*u + 0 = -20. What is the units digit of a(u)?
1
Let w(m) = -m**3 - 5*m**2 - 3. Let o(z) = -2*z**2 + 3*z - 3. Let c be o(2). Let d be w(c). What is the units digit of 6*(-1 + (-6)/d)?
6
Suppose -5*i + 66 = -124. What is the units digit of i?
8
Suppose -a = -5*l + 14, -4 = 5*a - 2*l - 3. What is the units digit of (21/(-35))/(a/(-10))?
6
Let l = 16 + -16. Suppose l*a = -5*a + 210. What is the tens digit of a?
4
Suppose 66*a - 70*a + 820 = 0. What is the hundreds digit of a?
2
Let m(y) = -y**2 + 30*y - 31. What is the tens digit of m(21)?
5
Let k(w) = -w**3 - 7*w**2 + w - 9. What is the tens digit of k(-8)?
4
Let f(x) = -1 - 2*x + 5 - 1 + 4*x. Let g be ((-8)/(-6))/((-1)/(-3)). What is the tens digit of f(g)?
1
Let b = -31 + 18. What is the units digit of (-2)/(-3) + b/(-3)?
5
Let w = 1 + -4. Let b be (-2 - 21/w) + 0. Suppose -4*t = -b - 11. What is the units digit of t?
4
What is the units digit of ((-1 + 2)*-34)/(12/(-30))?
5
Suppose 6*v = 653 + 313. What is the units digit of v?
1
What is the units digit of 3*(0 + -2 - -7)?
5
Let o(b) = -243*b + 2. What is the tens digit of o(-1)?
4
Suppose 2*a - 22 = -0. What is the units digit of a?
1
What is the units digit of (5/(-15))/((-1)/63)?
1
Let d(q) = 2*q - 10. Let z be d(7). Let n(a) = a**3 - 2*a**2 - 5*a + 4. What is the units digit of n(z)?
6
Let w(m) = m**3 + 14*m**2 - 16*m - 3. Let x be w(-15). Let c(i) = i**3 - i**2 - i + 2. Let h be c(-2). What is the tens digit of (-64)/x*18/h?
1
Let y(o) = -o**2 + 10*o - 6. Let w(z) = 8*z - 1. Let g be w(1). What is the units digit of y(g)?
5
Let j(c) = 10*c - 5. What is the tens digit of j(3)?
2
Suppose 2*o = 19 - 7. Let c = 14 - o. What is the units digit of c?
8
Let r be (0 + -6)/2 - -14. Let i = r - 6. What is the units digit of i?
5
Suppose c - 3 = 0, 3*c - 4*c + 103 = 4*q. What is the tens digit of q?
2
Let x = 1 - 1. Let t(p) be the second derivative of p**5/20 + 5*p**2 - 6*p. What is the tens digit of t(x)?
1
Suppose 0 = -2*i + 2*g + 8, i + 3*i = g + 19. Suppose -i*s + 15 = r, -2*r - 4*s + 1 = -17. Suppose 2*l + 6 = r*l. What is the units digit of l?
2
Let n(x) = x**2 + x. Let s be n(1). Suppose 3*o + 7 = 4*r, 2*o = -2*r + 3*r + s. Suppose r*j = -3*q + 34, -6 = -q - 5*j + 9. What is the tens digit of q?
1
Suppose -k - k + 28 = -d, 5*k - 5*d - 80 = 0. Let h = 24 - k. What is the tens digit of h?
1
Let m(z) be the first derivative of 2*z**3/3 + 4. Let r be m(3). Let t = 37 - r. What is the units digit of t?
9
Let v(r) = r**3 - 4*r**2 + 5. Let z be v(4). Suppose -25 = 4*n - 5*q, q = -z*n + 5 - 0. Suppose n*u + 4 = u. What is the units digit of u?
4
Let l be -5*((-63)/5 + -2). Suppose 3*x + 4*h - 69 = -2*x, -5*x = 3*h - l. What is the units digit of x?
7
Let r(d) = -d**3 + 2*d**2 + d + 2. Let j be r(2). Suppose 5*h - 101 = j*x, -7 - 15 = x + 2*h. What is the units digit of x/(-5) - (-2)/10?
5
Suppose 78 + 47 = 5*c. Let f be 4/5*c/10. Suppose -f*w + 44 = 2*w. What is the units digit of w?
1
Let o(l) = -l**3 + 7*l**2 + 5*l - 10. Let u be o(7). Let s = 41 - u. Suppose -5 = 3*g + 5*m, -6*m - s = -2*m. What is the units digit of g?
5
Let y(r) = 4*r + 4. Let f be y(8). Suppose f = -4*w - g + 8, -w = -5*g - 14. What is the units digi